of x?
2
Let p be 5 - (-2)/((-8)/(-6))*-2. Suppose 0 = 5*s + 3*i - 295, p*s = -i - i + 122. What is the tens digit of s?
5
Suppose 16*c + 13*c = 635767. What is the units digit of c?
3
Let z be ((-7060)/40)/(2/4). Let j = -78 - z. What is the hundreds digit of j?
2
Let t = 33823 - 18159. What is the thousands digit of t?
5
Suppose 0 = 60*p + 14736 - 81996. Let r = 1606 - p. What is the tens digit of r?
8
Let u be ((-104)/48)/((-2)/4)*6. Let y(l) = -u + 64 - 5*l**2 - 32 + 44*l. What is the units digit of y(7)?
9
What is the tens digit of (-8841248)/624*(1 + -4)?
0
Let b be 0 - (-3)/9*-57. Let t = b + 21. Suppose -95 = -k + y, -2*k - 3*y + t*y = -187. What is the tens digit of k?
9
Suppose -15 = -8*f + 17. Let w(t) be the third derivative of t**5/60 + t**4/8 - t**3/3 - 2*t**2. What is the units digit of w(f)?
6
Suppose -2*k = -x + 3*x - 6, 0 = -4*x - 3*k + 13. Let v(c) = -6*c**2 + 2. Let a be v(x). Let t = a + 106. What is the units digit of t?
2
Let d(s) = -s**3 - 123*s**2 - 123*s - 944. What is the thousands digit of d(-123)?
4
Let v(f) = 6*f**2 - 4*f - 11. Let h = 38 - 30. Suppose -36 = -h*b + 2*b. What is the tens digit of v(b)?
8
Let a = 57 + -52. Suppose a*g + 25 = 0, 0 = 4*x - x - 5*g - 403. What is the units digit of x?
6
Let y be -1002*(90/27)/5. Let z = y - -1705. What is the units digit of z?
7
Suppose -5*p - 2*v + 44 = 0, -6*p = -p - v - 53. Let a(s) = s**3 - 7*s**2 + 2*s - 38. What is the hundreds digit of a(p)?
2
What is the thousands digit of 148644/(-30)*(-140)/84?
8
Suppose 84*u - 66*u = 48*u - 134100. What is the thousands digit of u?
4
Suppose 168*d = 170*d. Let s(l) = 16*l**2 + 2*l + 792. What is the tens digit of s(d)?
9
Suppose 10*w + 9 = 13*w. Let t(i) = i - 3. Let l be t(w). What is the units digit of 4 + (4 - l - -4)?
2
Let r(n) = 3478*n + 2793. What is the tens digit of r(9)?
9
Let g be 104/18*-3*-3. Suppose -g = 2*r + 104. What is the units digit of r/(-15) - (-1)/(-5)?
5
Suppose -2 = -p + 2*i + 1, 3 = p - 5*i. Suppose 5*t = 5*g - 0*g - 55, 0 = -p*g - 4*t + 26. Suppose -2*h + g*h - 1352 = 0. What is the units digit of h?
9
Let y(a) = 16*a**3 - 17*a**2 - a - 43. What is the hundreds digit of y(7)?
6
Suppose -5*s = -3*k + 18473, -4*k + 96*s = 95*s - 24591. What is the units digit of k?
6
Suppose -247894 = 132*b - 1417018. What is the thousands digit of b?
8
Let l(c) = 3*c - 1. Let y be l(0). Let p be 1 - (y - -1)/(3/(-3)). Suppose -4*v + p = -135. What is the units digit of v?
4
Let c = -19196 + 34178. What is the tens digit of c?
8
Let b(r) = 3922*r + 48. What is the thousands digit of b(2)?
7
Let w(t) = 3*t**2 - t + 13. Suppose 0 = -2*s - 0*s + 2, 2*s - 158 = -4*j. Suppose 12 = 42*f - j*f. What is the units digit of w(f)?
7
Suppose 0 = 87*b - 85*b - 2*k - 19390, -5*b + 48475 = -k. What is the units digit of b?
5
Let c = 32690 + -15611. What is the units digit of c?
9
Let x = 301 + 1430. What is the hundreds digit of x?
7
Suppose 2*t = -5*v - 146, 2*v - 3*v + 3*t = 19. Let r = 39 + v. Suppose -15*o + 308 = -r*o. What is the tens digit of o?
7
Let t(h) = 68*h**2 + 72*h + 122. What is the hundreds digit of t(-9)?
9
Suppose -26 + 70 = 11*k. Suppose -f + k = -0*f. Suppose 0 = -f*q - 4 - 4, 3*a - 4*q - 311 = 0. What is the hundreds digit of a?
1
Let o(j) = -443*j**3 + j. Suppose -4*q = 3*r + r + 24, 2*q - 3*r - 13 = 0. What is the tens digit of o(q)?
4
Suppose 0 = -l - 4 + 7. Let i = 6 - l. Suppose i*d - 181 = -2*k, -3*d - 2*d = -3*k + 262. What is the units digit of k?
9
Let s(d) = -5*d - 47. Let o be s(-9). Let b be (o - -3)*0 + 5. Suppose 156 = -4*k + b*k. What is the units digit of k?
6
Suppose k - 2*k = -2*o + 3, 0 = -4*k + 2*o + 12. Suppose 0 = -3*q + 2*t - 1 + 5, -4*q - 10 = k*t. Suppose -i - 8 + 74 = q. What is the tens digit of i?
6
Let n(d) = -2*d**3 - 20*d**2 - 10*d - 19. What is the thousands digit of n(-23)?
3
Let h be 0*(-4 + 7/2). What is the tens digit of -26*(-6 - (h + -2))?
0
Suppose 7*v - 130 + 32 = 0. Suppose 3 = v*n - 13*n. Suppose -2 + n = l - x, l - 1 = -3*x. What is the units digit of l?
1
Let d = -4 - 36. Let w be (50/d)/(1/308). What is the units digit of (w/(-110))/(-1*(-1)/58)?
3
What is the tens digit of (340 + -350)*43244/(-10)?
4
What is the units digit of (-31190)/25*-5*5/10?
9
Suppose -2*c - 3*l = 13, -l = -0*c + 5*c + 13. What is the units digit of 719/(c/((-6)/3))?
9
Suppose 1440*b + 47397 = 1443*b. What is the tens digit of b?
9
What is the ten thousands digit of 49603 + (3 - (5 - (-7)/7) - -3)?
4
Suppose 55 = 6*z + 5*z. Suppose z*y = -0*y - 15, 0 = -3*q + y + 1590. What is the units digit of q?
9
Let g = -8381 + 10738. What is the thousands digit of g?
2
What is the tens digit of 38133/(-12)*(-72)/(-162)*-12?
4
Let i(g) = 28*g**2 - 12*g - 7. Let j be i(9). Let d = j - 1520. What is the tens digit of d?
3
Let d = -120926 + 169903. What is the hundreds digit of d?
9
Let l(h) = h**2 - h - 3. Suppose -11*c + 15*c = 12. Let r be l(c). Suppose -4*b + 268 = -3*s, -b - 268 = -5*b - r*s. What is the tens digit of b?
6
Let h(b) = 5*b - 18. Let o be h(4). Suppose -j + 262 - 29 = o*w, 3*w - 229 = -j. What is the hundreds digit of j?
2
Suppose 5798 = -6*w + 38222. What is the hundreds digit of w?
4
What is the tens digit of ((-854877)/15)/((-847)/605) - 3/7?
0
Suppose 4*h + 3*p - 6*p - 5798 = 0, -3*h - p + 4342 = 0. Suppose 107*k = 99*k + h. What is the tens digit of k?
8
Let q = 10600 + -5071. What is the hundreds digit of q?
5
Let p = 2688 - 1918. What is the tens digit of p?
7
Suppose 824 = 2*a - 2756. Suppose 0 = 3*z - 0*z - 2*v - a, 2*z - 2*v - 1196 = 0. What is the hundreds digit of z?
5
Let g be (-7 + 7)*(-1)/(-2). Suppose 31 = 3*x + 4*c, 2*c - 61 = -5*x - g*x. Let o(i) = i**2 - 40. What is the tens digit of o(x)?
2
Let o = -184 - -190. Suppose 0 = -o*b + 224 + 1936. What is the tens digit of b?
6
What is the hundreds digit of 1/3*63576771/397?
3
Let w be -39*(26/15 - (-18)/(-45)). Suppose 3*m + 390 = -2*m. What is the tens digit of (m/w)/((-3)/(-218))?
0
What is the units digit of (-2 + 5 - 78/22) + (-387136)/(-44)?
8
Let u = 67707 + -38717. What is the thousands digit of u?
8
Let y be (3/(-9))/((-11)/792). What is the units digit of (0 - -42 - -2)/(y/228)?
8
Let d be (-844)/(-10) + (-62)/155. Let s = d + -91. What is the hundreds digit of 2 + 4965/21 + 3/s?
2
Let x(l) = -l**3 - 8*l**2 - 5*l + 6. Let c be x(-7). Let z be (-6)/c - 585/(-52). Suppose -z = -5*i + 68. What is the tens digit of i?
1
Let m(u) = u**3 - 6*u**2 - 6*u - 13. Let z be m(7). Let l be (-1020)/(-80) + z/8. Let a = l - -16. What is the units digit of a?
8
Suppose -3*d = -3 - 3. Let o(z) = -3*z - 9*z**d - z**3 + 5*z + 12 - 11*z. What is the tens digit of o(-8)?
2
Suppose -68 = 5*f - 493. Suppose -f*p = -82*p - 336. What is the hundreds digit of p?
1
Suppose -5*f - a + 1525 = 0, 5*f - 5*a = f + 1249. Let y = 812 - f. What is the hundreds digit of y?
5
Suppose -38*k - 1170485 = -169*k. What is the thousands digit of k?
8
Let r(h) = 379*h + 334. What is the thousands digit of r(40)?
5
Suppose -52 = 13*c + 13*c. What is the tens digit of ((-11)/c + -4)/(9/2508)?
1
Let z(m) = -5*m**3 - 26*m**2 - 3*m - 22. Let f(x) = -14*x**3 - 78*x**2 - 9*x - 69. Let u(n) = -6*f(n) + 17*z(n). What is the hundreds digit of u(25)?
7
Suppose 0 = 4*x + x - 3*o - 7836, -5*x - 2*o + 7851 = 0. Let n = x + -1086. What is the tens digit of n?
8
Let p(o) = o**2 + 8*o + 14. Let a be p(-6). Suppose -a*j + 2*d - 7*d = -255, 0 = -5*j + 4*d + 654. What is the units digit of j?
0
Let k(q) = 235*q**2 - 120*q + 198. What is the ten thousands digit of k(9)?
1
Let y = 8582 - 4551. What is the hundreds digit of y?
0
Let k(t) = t**3 + t**2 + 2. Let x be k(0). Suppose x = -2*y + 4. What is the units digit of (0 + y)/((-9)/(-711))?
9
Let c = -131 - -201. Let v be (-18)/(-21)*c/15 - -55. Let z = 227 - v. What is the hundreds digit of z?
1
Let w(q) = q**3 + 5*q**2 + 6*q + 6. Let m be w(-4). What is the units digit of m/4 + (-9714)/(-12)?
9
Suppose 3 = 2*n + 23. Let r(c) = -c + 3*c**2 + 0 + 11 + 13*c + 7*c. What is the tens digit of r(n)?
2
Suppose -3*h + 2*c = 19, -h + 3*c - 33 = 4*h. Let q(k) = 3*k**2 + 20*k + 16. Let f be q(h). Let p = -50 + f. What is the units digit of p?
9
Suppose 2*f - 5 = -9. Let d be (15 + -7 - 228)/(f/3). Suppose -31*l + d = -29*l. What is the 